actors of 2958.
2, 3, 17, 29
What are the prime factors of 57391?
29, 1979
What are the prime factors of 2670?
2, 3, 5, 89
List the prime factors of 36039.
3, 41, 293
What are the prime factors of 523?
523
What are the prime factors of 2029?
2029
What are the prime factors of 1299?
3, 433
List the prime factors of 4085.
5, 19, 43
List the prime factors of 92407.
7, 43, 307
List the prime factors of 2061.
3, 229
List the prime factors of 773.
773
List the prime factors of 26138.
2, 7, 1867
What are the prime factors of 159209?
159209
List the prime factors of 17773.
7, 2539
What are the prime factors of 2048?
2
List the prime factors of 5902.
2, 13, 227
List the prime factors of 2222.
2, 11, 101
What are the prime factors of 1741?
1741
What are the prime factors of 3023?
3023
What are the prime factors of 110?
2, 5, 11
What are the prime factors of 10773?
3, 7, 19
List the prime factors of 885.
3, 5, 59
What are the prime factors of 23?
23
What are the prime factors of 12839?
37, 347
What are the prime factors of 69?
3, 23
List the prime factors of 3986.
2, 1993
List the prime factors of 1164.
2, 3, 97
What are the prime factors of 1333?
31, 43
What are the prime factors of 67?
67
What are the prime factors of 401?
401
List the prime factors of 18921.
3, 7, 17, 53
What are the prime factors of 2471?
7, 353
List the prime factors of 13566.
2, 3, 7, 17, 19
What are the prime factors of 5914?
2, 2957
What are the prime factors of 10773?
3, 7, 19
What are the prime factors of 985?
5, 197
List the prime factors of 509.
509
List the prime factors of 7956.
2, 3, 13, 17
What are the prime factors of 4920?
2, 3, 5, 41
What are the prime factors of 37525?
5, 19, 79
List the prime factors of 1367.
1367
What are the prime factors of 1300?
2, 5, 13
List the prime factors of 2510.
2, 5, 251
List the prime factors of 21236.
2, 5309
What are the prime factors of 45426?
2, 3, 67, 113
What are the prime factors of 26099?
26099
What are the prime factors of 1606?
2, 11, 73
List the prime factors of 828.
2, 3, 23
List the prime factors of 5404.
2, 7, 193
What are the prime factors of 103834?
2, 193, 269
What are the prime factors of 726?
2, 3, 11
List the prime factors of 2979.
3, 331
What are the prime factors of 33486?
2, 3, 5581
What are the prime factors of 18694?
2, 13, 719
What are the prime factors of 22889?
47, 487
List the prime factors of 24888.
2, 3, 17, 61
What are the prime factors of 19175?
5, 13, 59
List the prime factors of 323.
17, 19
What are the prime factors of 64198?
2, 32099
What are the prime factors of 4090?
2, 5, 409
List the prime factors of 11401.
13, 877
What are the prime factors of 437?
19, 23
What are the prime factors of 1052?
2, 263
What are the prime factors of 4606?
2, 7, 47
What are the prime factors of 932?
2, 233
List the prime factors of 4330.
2, 5, 433
List the prime factors of 15180.
2, 3, 5, 11, 23
List the prime factors of 1754.
2, 877
List the prime factors of 5148.
2, 3, 11, 13
List the prime factors of 3006.
2, 3, 167
What are the prime factors of 29773?
19, 1567
List the prime factors of 3849.
3, 1283
List the prime factors of 941.
941
What are the prime factors of 1294?
2, 647
What are the prime factors of 1380?
2, 3, 5, 23
List the prime factors of 13831.
13831
List the prime factors of 13532.
2, 17, 199
List the prime factors of 39510.
2, 3, 5, 439
What are the prime factors of 1857?
3, 619
List the prime factors of 1154.
2, 577
What are the prime factors of 52625?
5, 421
List the prime factors of 16274.
2, 79, 103
List the prime factors of 4364.
2, 1091
List the prime factors of 93.
3, 31
List the prime factors of 2329.
17, 137
List the prime factors of 1095.
3, 5, 73
List the prime factors of 122056.
2, 11, 19, 73
What are the prime factors of 13383?
3, 1487
List the prime factors of 659.
659
List the prime factors of 49287.
3, 7, 2347
What are the prime factors of 11960?
2, 5, 13, 23
List the prime factors of 583.
11, 53
What are the prime factors of 244?
2, 61
List the prime factors of 2757.
3, 919
List the prime factors of 432.
2, 3
List the prime factors of 1321.
1321
List the prime factors of 4157.
4157
List the prime factors of 448.
2, 7
List the prime factors of 872.
2, 109
List the prime factors of 1354.
2, 677
List the prime factors of 111202.
2, 7, 13, 47
List the prime factors of 19076.
2, 19, 251
List the prime factors of 122719.
122719
List the prime factors of 9323.
9323
List the prime factors of 1493.
1493
What are the prime factors of 26730?
2, 3, 5, 11
What are the prime factors of 1063?
1063
List the prime factors of 160932.
2, 3, 13411
What are the prime factors of 16899?
3, 43, 131
List the prime factors of 36340.
2, 5, 23, 79
What are the prime factors of 6626?
2, 3313
What are the prime factors of 7480?
2, 5, 11, 17
List the prime factors of 652.
2, 163
List the prime factors of 853.
853
List the prime factors of 984.
2, 3, 41
What are the prime factors of 978?
2, 3, 163
List the prime factors of 26049.
3, 19, 457
List the prime factors of 3630.
2, 3, 5, 11
List the prime factors of 30395.
5, 6079
List the prime factors of 24502.
2, 12251
List the prime factors of 1188.
2, 3, 11
List the prime factors of 13052.
2, 13, 251
What are the prime factors of 88?
2, 11
List the prime factors of 1972.
2, 17, 29
What are the prime factors of 54447?
3, 18149
List the prime factors of 9309.
3, 29, 107
What are the prime factors of 81914?
2, 7, 5851
List the prime factors of 5861.
5861
What are the prime factors of 10604?
2, 11, 241
List the prime factors of 32287.
83, 389
What are the prime factors of 20501?
13, 19, 83
List the prime factors of 39855.
3, 5, 2657
List the prime factors of 134.
2, 67
List the prime factors of 48957.
3, 16319
What are the prime factors of 50392?
2, 6299
What are the prime factors of 3088?
2, 193
What are the prime factors of 103844?
2, 13, 1997
What are the prime factors of 15479?
23, 673
What are the prime factors of 34571?
181, 191
List the prime factors of 6765.
3, 5, 11, 41
List the prime factors of 4132.
2, 1033
What are the prime factors of 16994?
2, 29, 293
What are the prime factors of 1801?
1801
What are the prime factors of 123?
3, 41
What are the prime factors of 34954?
2, 17477
What are the prime factors of 95552?
2, 1493
What are the prime factors of 7633?
17, 449
List the prime factors of 16120.
2, 5, 13, 31
List the prime factors of 135255.
3, 5, 71, 127
List the prime factors of 7484.
2, 1871
What are the prime factors of 67?
67
What are the prime factors of 1362?
2, 3, 227
List the prime factors of 14166.
2, 3, 787
What are the prime factors of 491?
491
List the prime factors of 18261.
3, 2029
What are the prime factors of 139?
139
What are the prime factors of 56419?
11, 23, 223
List the prime factors of 72713.
19, 43, 89
List the prime factors of 114582.
2, 3, 13, 113
List the prime factors of 37363.
37363
List the prime factors of 14321.
14321
What are the prime factors of 2820?
2, 3, 5, 47
What are the prime factors of 366?
2, 3, 61
What are the prime factors of 10178?
2, 7, 727
What are the prime factors of 4973?
4973
What are the prime factors of 31856?
2, 11, 181
What are the prime factors of 4562?
2, 2281
What are the prime factors of 3261?
3, 1087
What are the prime factors of 1212?
2, 3, 101
List the prime factors of 1378.
2, 13, 53
List the prime factors of 69830.
2, 5, 6983
What are the prime factors of 7619?
19, 401
What are the prime factors of 21713?
21713
List the prime factors of 1498.
2, 7, 107
What are the prime factors of 57142?
2, 28571
List the prime factors of 116395.
5, 23279
List the prime factors of 1510.
2, 5, 151
List the prime factors of 768.
2, 3
What are the prime factors of 809?
809
List the prime factors of 1208.
2, 151
What are the prime factors of 37760?
2, 5, 59
What are the prime factors of 176?
2, 11
What are the prime factors of 648?
2, 3
List the prime factors of 2655.
3, 5, 59
What are the prime factors of 436?
2, 109
List the prime factors of 81198.
2, 3, 13, 347
What are the prime factors of 1042?
2, 521
List the prime factors of 4839.
3, 1613
What are the prime factors of 38349?
3, 4261
What are the prime factors of 44227?
47, 941
What are the prime factors of 123791?
123791
List the prime factors of 467.
46